rs of l.
2, 3
Suppose 0 = -5*m, x + 4*m - 11 = 2*x. List the prime factors of (-80)/(-44) + (-2)/x.
2
Suppose 2*u = 4 + 2. Suppose u*q + 3*m = -1 + 4, 5*m + 15 = 0. Suppose -q*l + 3*j = -47, 0 = 4*l + 4*j - 19 - 49. What are the prime factors of l?
2, 7
Suppose -5*p + 746 + 304 = 0. List the prime factors of p.
2, 3, 5, 7
Suppose -5*x + w = -2*x - 43, 4*x - 66 = -3*w. List the prime factors of x.
3, 5
Suppose d - 254 = -10*n + 9*n, -2*n + 505 = -d. List the prime factors of n.
11, 23
Suppose 0*x - 121 = -4*x + r, -3*x + r = -92. List the prime factors of x.
29
Suppose i + i - 28 = 0. List the prime factors of (-4)/i - 180/(-42).
2
Let o(s) = 2*s**3 - 2*s**2 + 3. Let v be o(-3). Let w = v - -104. Suppose 0*j + 5*j - w = 0. What are the prime factors of j?
7
Suppose -2*s - 3*j + 5 = 2*j, 2*s = -j + 17. Suppose s = -d + 33. Suppose g + 1 - d = -3*b, 2*g = -5*b + 37. List the prime factors of b.
7
Suppose 2*k = 24 + 42. List the prime factors of k.
3, 11
What are the prime factors of -15*(39/(-5))/((-60)/(-40))?
2, 3, 13
Let n be 196/3 + 26/39. Suppose -2*c + 4*c = n. List the prime factors of c.
3, 11
Let i(x) = 2*x**2 + 2*x. List the prime factors of i(-2).
2
Suppose l + 10 = 3*l. Let g = l + -21. Let j = 32 + g. What are the prime factors of j?
2
Let b = 252 - 117. What are the prime factors of b?
3, 5
Suppose 0 = -2*y + 4*y + 50. Let p = -13 - y. What are the prime factors of p?
2, 3
Let f be (1 + 67)/(-3 - -4). Suppose 76 = 4*v - f. List the prime factors of v.
2, 3
What are the prime factors of 7128/26 - (-44)/(-286)?
2, 137
Let d(k) = 3*k**3 + 4*k**2 - 5 + 2*k**2 - 2*k**3 + 4*k + 0*k. Let s be d(-5). Suppose 2*p + s*p - 22 = 0. List the prime factors of p.
11
Let y(s) = s**3 - 2*s**2 - 2*s - 3. Let g be y(3). Suppose g = r - 3*r. Suppose 0 = -2*j + 3*l + l, r = 3*l - 6. List the prime factors of j.
2
Suppose 2*n + 14 = 3*p, 2*n + 7 - 1 = p. List the prime factors of n*1*(-4 - 10).
2, 7
Let r = 7 - 0. Suppose 4*g - 9 = -2*b + g, 0 = 4*g - 20. Let k = b + r. List the prime factors of k.
2
List the prime factors of (2*(-48)/14)/((-1)/7).
2, 3
Suppose 2*k = 2*x - x + 5, -40 = -5*k - 3*x. Suppose 5*l - 5 = 4*l. Let z = l + k. What are the prime factors of z?
2, 5
Suppose s + 4*v - 7 = 0, -35 = -0*s - 5*s - 2*v. Let c(a) = a**3 - 5*a**2 - 8*a + 6. What are the prime factors of c(s)?
2, 3
Let y be 12 + 0 - (-3 - -3). Suppose 3*l + y = 0, 3*h - 2*l - 36 = -h. What are the prime factors of h?
7
Let u(a) = -2*a**3 + 12*a**2 + 6*a. What are the prime factors of u(6)?
2, 3
Let c = 158 + -99. What are the prime factors of c?
59
Let x = 14 - 11. Suppose x*v - 10 = 2. Suppose -v*t + 27 = -t. What are the prime factors of t?
3
Let j = -20 - -22. List the prime factors of ((-1)/j)/((-7)/322).
23
Let i(d) = 6*d**2. Let g be i(1). Suppose -l + g = 17. Let s = l - -16. What are the prime factors of s?
5
Suppose 3*g - 26 = 4. What are the prime factors of g?
2, 5
Let l(y) = -y + 5. Let k be l(4). Suppose -4*r = -5 - 3. What are the prime factors of 5 + k/(3 - r)?
2, 3
Let l(h) = 2*h**2 - h. Suppose -7*a = -2*a - 25. Suppose 17 - 2 = a*u. What are the prime factors of l(u)?
3, 5
Suppose -8*d = -12*d + 196. List the prime factors of d.
7
Suppose 3*v + 20 = 7*v. Let z(a) = 2*a**3 - a**2 - a + 1. Let r be z(1). List the prime factors of 2/2*v/r.
5
Suppose m - 1 = -u, -5*m - 5*u = -m - 9. Let s = m + 23. List the prime factors of s.
19
Let x(n) = -n**3 - 8*n**2 - n - 6. Suppose -3*m + 3*v = 9, -m = 2*m - 5*v - 1. Let i be x(m). Suppose i*r + 2*r - 20 = 0. List the prime factors of r.
5
Let b = 12 - 7. Suppose -192 = -4*n - 0*n. Suppose -6*r + r + 42 = -4*u, 0 = b*r - u - n. List the prime factors of r.
2, 5
Suppose 1 + 5 = -2*p. Let k be p/2*(1 + -3). What are the prime factors of 22/k - (-1)/(-3)?
7
Suppose -3*h = -5*i + 603, -512 = -4*i - 4*h - h. What are the prime factors of i?
3, 41
Let r(z) = z**3 - 3*z**2 - 10*z + 11. What are the prime factors of r(6)?
59
Suppose -2*f + 5*f + 33 = 0. Let a(h) = -3*h - 6. What are the prime factors of a(f)?
3
Suppose 5*d - z = -3*z + 592, -2*z = -2*d + 234. What are the prime factors of d?
2, 59
Suppose -4*c + 690 = c. What are the prime factors of c?
2, 3, 23
Let c = 95 - 38. List the prime factors of c.
3, 19
Let f = 553 + -365. What are the prime factors of f?
2, 47
Let p(r) = 6*r - 3. Let m(o) = -6*o + 3. Let z(t) = 5*m(t) + 6*p(t). What are the prime factors of z(4)?
3, 7
Suppose 0 = 3*u + 7*i - 2*i - 393, -i = -3*u + 375. Suppose 2*y - o = -3*y + 118, -3*o + u = 5*y. List the prime factors of y.
2, 3
Let k(a) = a**3 - 6*a**2 - 12*a + 11. List the prime factors of k(8).
43
Let k(n) = -2*n + 1. Let w be k(-2). Suppose l = -0*l + w. Suppose 0 = -l*o - 0*v - 3*v + 21, -2*o - 2 = -4*v. What are the prime factors of o?
3
Let a(z) = z**3 + 13*z**2 + 9*z - 8. What are the prime factors of a(-12)?
2, 7
Let y(t) = -t**2 + 6*t. Let s be y(5). Let w(c) = -c**2 + 6*c - 3. Let j be w(s). Let u(d) = 2*d**3 - 2*d**2 - 3*d + 3. List the prime factors of u(j).
5
What are the prime factors of (-4)/(-12) - 98/(-3)?
3, 11
Let r be 271/3 - (-2)/(-6). Let a = 181 - r. Suppose -5*w + a = 16. What are the prime factors of w?
3, 5
Let d be 4/6 - 140/21. Let m be (-10)/6 - 4/d. List the prime factors of -1*(0 + 21*m).
3, 7
Suppose 0*w = 3*w. Suppose w = -g - 1 - 2, -5*g = 5*t. List the prime factors of t.
3
Let v = 37 - -56. What are the prime factors of v?
3, 31
Let j(g) = 4*g**3 - 4*g**2 - 4. List the prime factors of j(3).
2, 17
Let h(q) = -q**3 + 4*q**2 + 5*q + 2. Suppose -4*z + 3 + 21 = 0. Suppose z*b = 3*b + 15. What are the prime factors of h(b)?
2
Let k(u) = u**2 - u + 3. Let l be k(0). Suppose 0 = 2*c - v - 9, -3*c + l*v = 2*v - 15. List the prime factors of c.
2, 3
Let q(n) = n**3 + 19*n**2 + 26*n - 38. What are the prime factors of q(-17)?
2, 7
Let c(k) = k - 4. Let h be c(7). Suppose 3*o - 2*o = h. List the prime factors of o.
3
List the prime factors of 325/(-100)*-1*8.
2, 13
Let k(q) be the third derivative of -5/6*q**3 + 0*q + 3/8*q**4 - 2*q**2 - 1/60*q**5 + 0. List the prime factors of k(8).
3
Let h(m) = -6*m**3 + 36*m**2 - 41*m - 46. Let w(o) = o**3 - 7*o**2 + 8*o + 9. Let l(d) = 2*h(d) + 11*w(d). What are the prime factors of l(-6)?
7
Let t(x) = 2*x**3 - 3*x**2 - 11*x + 4. Let k(b) = b**3 - 2*b**2 - 5*b + 2. Let v(m) = -5*k(m) + 2*t(m). Let o = 2 - -2. What are the prime factors of v(o)?
2, 5
Let i(u) = u**2 + 9*u + 2. Let j be i(-9). Suppose j*z - 41 = 15. Suppose -f + z = 3*f. What are the prime factors of f?
7
Let c = 23 - -5. Let i = c - 20. Let t(y) = y**2 - 6*y - 5. What are the prime factors of t(i)?
11
What are the prime factors of 2/(3/18*1)?
2, 3
Let u(f) = -f + 5. Let c be (-116)/(-36) - (-4)/(-18). Let m be u(c). Suppose m*p = 5*p - 21. List the prime factors of p.
7
Let c = -3 - -4. Let d = 2 + c. What are the prime factors of d?
3
Let d(r) = -2*r + 9. What are the prime factors of d(0)?
3
Suppose 3*r - 546 = 39. Suppose 5*u = r - 50. List the prime factors of u.
29
Let z(i) = -i**3 - 2*i**2 + i + 2. Let v be z(-2). Suppose v = -5*g + 10*g - 95. What are the prime factors of g?
19
Let t = -3 - -6. Suppose 9 = -6*o + t*o, 2*d - 16 = -2*o. List the prime factors of d.
11
Let u be -1*(-2 - -2 - -2). Let k = u - -14. List the prime factors of k.
2, 3
Suppose 2*z - 98 = -p, 5*z = 3*p + 7*z - 294. What are the prime factors of p?
2, 7
Let n(d) = 29 - 4 - 3*d + 4*d. List the prime factors of n(-11).
2, 7
Let w(l) = -l**2 + 8*l + 8. Let t be w(6). Suppose 0 = -5*m - 5*v + t, -5*m + 2*v - 1 + 0 = 0. List the prime factors of m*(8 + -2 - 1).
5
Let q = -148 - -214. List the prime factors of q.
2, 3, 11
Let j(p) = p**3 + 5*p**2 - 6*p + 6. Let y be j(-6). List the prime factors of y*((-3)/(-6) + 1).
3
Suppose 0 = -3*y - 9*y + 2472. List the prime factors of y.
2, 103
Suppose -f + 14 = -r + f, -4*f = -r - 24. Let s be (-4)/(-6)*(7 + r). Suppose -5*z - 7 = 2*i - 0*i, -3*i = s*z - 17. What are the prime factors of i?
3
Suppose 0 = 3*h - 14 - 34. Suppose -3*i + 0*n - 2 = -5*n, 0 = -2*i - 4*n - h. Let z = i + 8. List the prime factors of z.
2
Let u(c) = -78*c - 7 - 1 + 75*c. Let j(b) = 7*b**3 - 2*b - 1. Let y be j(-1). List the prime factors of u(y).
2, 5
Let b be (-2)/6 - (-7)/3. Let k be 2*(b + (-9)/6). List the prime factors 